{"id":36,"date":"2023-09-22T11:43:50","date_gmt":"2023-09-22T11:43:50","guid":{"rendered":"https:\/\/normsandsocialunderstanding.philosophy-cognition.com\/?page_id=36"},"modified":"2024-04-03T12:36:32","modified_gmt":"2024-04-03T12:36:32","slug":"accomodation-and-travel","status":"publish","type":"page","link":"https:\/\/normsandsocialunderstanding.philosophy-cognition.com\/?page_id=36","title":{"rendered":"Venue and travel"},"content":{"rendered":"\n<p><strong>Travelling from to the venue (GA 04\/187<\/strong>) from Bochum Central Station<\/p>\n\n\n\n<p><a href=\"https:\/\/normsandsocialunderstanding.philosophy-cognition.com\/wp-content\/uploads\/2024\/04\/Special-travel-conditions-Norms-and-Social-Understanding-Workshop_2.pdf\" data-type=\"link\" data-id=\"https:\/\/normsandsocialunderstanding.philosophy-cognition.com\/wp-content\/uploads\/2024\/04\/Special-travel-conditions-Norms-and-Social-Understanding-Workshop_2.pdf\">Click<\/a> to download pdf<\/p>\n\n\n\n<p>Due to construction work in the Duisburg rail hub during the easter vacations, most long-distance trains will be rerouted between Cologne or D\u00fcsseldorf and Dortmund. Trains will no longer stop at D\u00fcsseldorf Airport, Duisburg central, M\u00fclheim (Ruhr) central and Oberhausen central stations. Some trains between Cologne or D\u00fcsseldorf and Essen or Dortmund will be canceled. To check whether the construction works affect your connection <strong>we recommend downloading and checking with the DB Navigator App<\/strong> or, alternatively, consult online timetable information under <a href=\"https:\/\/int.bahn.de\/en\" target=\"_blank\" rel=\"noopener\">https:\/\/int.bahn.de\/en<\/a><\/p>\n\n\n\n<p>You can search for the DB Navigator App in the Android and Apple App Stores or scan the QR codes below. <\/p>\n\n\n\n<div class=\"wp-block-columns is-layout-flex wp-container-core-columns-is-layout-9d6595d7 wp-block-columns-is-layout-flex\">\n<div class=\"wp-block-column is-layout-flow wp-block-column-is-layout-flow\">\n<h2 class=\"wp-block-heading has-text-align-center\"><strong>Android <\/strong><\/h2>\n<\/div>\n\n\n\n<div class=\"wp-block-column is-layout-flow wp-block-column-is-layout-flow\">\n<h2 class=\"wp-block-heading has-text-align-center\"><strong>Apple<\/strong><\/h2>\n<\/div>\n<\/div>\n\n\n\n<div class=\"wp-block-columns is-layout-flex wp-container-core-columns-is-layout-9d6595d7 wp-block-columns-is-layout-flex\">\n<div class=\"wp-block-column is-layout-flow wp-block-column-is-layout-flow\">\n<figure class=\"wp-block-image size-full\"><img loading=\"lazy\" decoding=\"async\" width=\"1015\" height=\"1015\" src=\"https:\/\/normsandsocialunderstanding.philosophy-cognition.com\/wp-content\/uploads\/2024\/04\/android-1.png\" alt=\"\" class=\"wp-image-275\" srcset=\"https:\/\/normsandsocialunderstanding.philosophy-cognition.com\/wp-content\/uploads\/2024\/04\/android-1.png 1015w, https:\/\/normsandsocialunderstanding.philosophy-cognition.com\/wp-content\/uploads\/2024\/04\/android-1-300x300.png 300w, https:\/\/normsandsocialunderstanding.philosophy-cognition.com\/wp-content\/uploads\/2024\/04\/android-1-150x150.png 150w, https:\/\/normsandsocialunderstanding.philosophy-cognition.com\/wp-content\/uploads\/2024\/04\/android-1-768x768.png 768w\" sizes=\"auto, (max-width: 1015px) 100vw, 1015px\" \/><\/figure>\n<\/div>\n\n\n\n<div class=\"wp-block-column is-layout-flow wp-block-column-is-layout-flow\">\n<figure class=\"wp-block-image size-full\"><img loading=\"lazy\" decoding=\"async\" width=\"1015\" height=\"1015\" src=\"https:\/\/normsandsocialunderstanding.philosophy-cognition.com\/wp-content\/uploads\/2024\/04\/apple-1.png\" alt=\"\" class=\"wp-image-276\" srcset=\"https:\/\/normsandsocialunderstanding.philosophy-cognition.com\/wp-content\/uploads\/2024\/04\/apple-1.png 1015w, https:\/\/normsandsocialunderstanding.philosophy-cognition.com\/wp-content\/uploads\/2024\/04\/apple-1-300x300.png 300w, https:\/\/normsandsocialunderstanding.philosophy-cognition.com\/wp-content\/uploads\/2024\/04\/apple-1-150x150.png 150w, https:\/\/normsandsocialunderstanding.philosophy-cognition.com\/wp-content\/uploads\/2024\/04\/apple-1-768x768.png 768w\" sizes=\"auto, (max-width: 1015px) 100vw, 1015px\" \/><\/figure>\n<\/div>\n<\/div>\n\n\n\n<p><strong>Travel by subway and bus<\/strong><\/p>\n\n\n\n<p>In addition, there are trackbed works on the direct subway connection from Bochum Central station to Ruhr University. The <strong>travel time<\/strong> from Bochum central to the workshop location including walking will be <strong>about 45 mins<\/strong>. Take the regular U35 connection in direction \u201cBrenscheder Stra\u00dfe\u201d from Bochum central subway station track 4 towards Ruhr-University until the stop Brenscheder Stra\u00dfe. To get to the subway station follow the blue U sign also shown in the map below. From there follow directions for U35 Ruhr-Universit\u00e4t.<\/p>\n\n\n\n<figure class=\"wp-block-image size-large\"><img loading=\"lazy\" decoding=\"async\" width=\"1024\" height=\"691\" src=\"https:\/\/normsandsocialunderstanding.philosophy-cognition.com\/wp-content\/uploads\/2024\/04\/Taxi-1024x691.jpg\" alt=\"\" class=\"wp-image-280\" srcset=\"https:\/\/normsandsocialunderstanding.philosophy-cognition.com\/wp-content\/uploads\/2024\/04\/Taxi-1024x691.jpg 1024w, https:\/\/normsandsocialunderstanding.philosophy-cognition.com\/wp-content\/uploads\/2024\/04\/Taxi-300x203.jpg 300w, https:\/\/normsandsocialunderstanding.philosophy-cognition.com\/wp-content\/uploads\/2024\/04\/Taxi-768x518.jpg 768w, https:\/\/normsandsocialunderstanding.philosophy-cognition.com\/wp-content\/uploads\/2024\/04\/Taxi-1536x1037.jpg 1536w, https:\/\/normsandsocialunderstanding.philosophy-cognition.com\/wp-content\/uploads\/2024\/04\/Taxi-2048x1383.jpg 2048w\" sizes=\"auto, (max-width: 1024px) 100vw, 1024px\" \/><\/figure>\n\n\n\n<p>For the remaining distance you need to take a <strong>rail replacement bus<\/strong> which travels <strong>between 07:00 am and 19:30 pm ~ every 10 mins<\/strong>. You can check individual connections times at https:\/\/www.bogestra.de\/ <\/p>\n\n\n\n<p><\/p>\n\n\n\n<p>Just before the stop Brenscheder Stra\u00dfe, there is an announcement asking all passengers to leave the train for the buses. The stop for the rail replacement buses is directly opposite on the right on the other side of the street. The bus line is called U35E in direction \u201cHustadt\/Ruhr-Universit\u00e4t\u201d. Take the bus and <strong>exit at third stop &#8220;Bochum Ruhr-Universit\u00e4t<\/strong>&#8220;. <\/p>\n\n\n\n<p>Take the stairs onto the bridge and head right towards Ruhr-University. Keep straight past the library &#8220;Universit\u00e4tsbibliothek&#8221; and the further on towards the first building (yellow color accent) on the right-hand side. This is building GA. You will enter the building from the north, walk towards the back of the building, take the lift down to floor 04. The seminar room, GA 04\/187, is located in the middle of the building. The directions are also marked on the last map below. Directions in the GA building will be signposted.<\/p>\n\n\n\n<p>The way back is the same. Walk to the bus stop and look for platform 03. &nbsp;The direction of travel of the U35E bus line is Brenschederstra\u00dfe or Wiemelhausen \/ Brenschederstra\u00dfe. <\/p>\n\n\n\n<p><strong>Travel with a taxi or Uber<\/strong><\/p>\n\n\n\n<p>Alternatively, you can take a taxi or Uber. To get to the taxis leave the central station main entrance and head left. A taxi will cost roughly 20\u20ac for a single person, a Uber about 14\u20ac.<\/p>\n\n\n\n<p><\/p>\n\n\n\n<figure class=\"wp-block-image size-large is-resized\"><img decoding=\"async\" src=\"https:\/\/normsandsocialunderstanding.philosophy-cognition.com\/wp-content\/uploads\/2024\/04\/mapnew-1024x742.jpg\" alt=\"\" class=\"wp-image-262\" style=\"width:1172px;height:auto\"\/><\/figure>\n","protected":false},"excerpt":{"rendered":"<p>Travelling from to the venue (GA 04\/187) from Bochum Central Station Click to download pdf Due to construction work in the Duisburg rail hub during the easter vacations, most long-distance trains will be rerouted between Cologne or D\u00fcsseldorf and Dortmund. Trains will no longer stop at D\u00fcsseldorf Airport, Duisburg central, M\u00fclheim (Ruhr) central and Oberhausen&hellip;&nbsp;<a href=\"https:\/\/normsandsocialunderstanding.philosophy-cognition.com\/?page_id=36\" rel=\"bookmark\">Read More &raquo;<span class=\"screen-reader-text\">Venue and travel<\/span><\/a><\/p>\n","protected":false},"author":1,"featured_media":0,"parent":0,"menu_order":0,"comment_status":"closed","ping_status":"closed","template":"","meta":{"neve_meta_sidebar":"","neve_meta_container":"","neve_meta_enable_content_width":"","neve_meta_content_width":0,"neve_meta_title_alignment":"","neve_meta_author_avatar":"","neve_post_elements_order":"","neve_meta_disable_header":"","neve_meta_disable_footer":"","neve_meta_disable_title":"","footnotes":""},"class_list":["post-36","page","type-page","status-publish","hentry"],"_links":{"self":[{"href":"https:\/\/normsandsocialunderstanding.philosophy-cognition.com\/index.php?rest_route=\/wp\/v2\/pages\/36","targetHints":{"allow":["GET"]}}],"collection":[{"href":"https:\/\/normsandsocialunderstanding.philosophy-cognition.com\/index.php?rest_route=\/wp\/v2\/pages"}],"about":[{"href":"https:\/\/normsandsocialunderstanding.philosophy-cognition.com\/index.php?rest_route=\/wp\/v2\/types\/page"}],"author":[{"embeddable":true,"href":"https:\/\/normsandsocialunderstanding.philosophy-cognition.com\/index.php?rest_route=\/wp\/v2\/users\/1"}],"replies":[{"embeddable":true,"href":"https:\/\/normsandsocialunderstanding.philosophy-cognition.com\/index.php?rest_route=%2Fwp%2Fv2%2Fcomments&post=36"}],"version-history":[{"count":18,"href":"https:\/\/normsandsocialunderstanding.philosophy-cognition.com\/index.php?rest_route=\/wp\/v2\/pages\/36\/revisions"}],"predecessor-version":[{"id":317,"href":"https:\/\/normsandsocialunderstanding.philosophy-cognition.com\/index.php?rest_route=\/wp\/v2\/pages\/36\/revisions\/317"}],"wp:attachment":[{"href":"https:\/\/normsandsocialunderstanding.philosophy-cognition.com\/index.php?rest_route=%2Fwp%2Fv2%2Fmedia&parent=36"}],"curies":[{"name":"wp","href":"https:\/\/api.w.org\/{rel}","templated":true}]}}